{"id":843,"date":"2022-06-09T15:13:06","date_gmt":"2022-06-09T18:13:06","guid":{"rendered":"https:\/\/conservation.ufpr.br\/?page_id=843"},"modified":"2022-06-09T15:38:40","modified_gmt":"2022-06-09T18:38:40","slug":"links-uteis","status":"publish","type":"page","link":"https:\/\/conservation.ufpr.br\/index.php\/links-uteis\/","title":{"rendered":"Links \u00fateis"},"content":{"rendered":"<h2 style=\"text-align: center;\">SISBIO (Federal)<\/h2>\n<p><img loading=\"lazy\" decoding=\"async\" style=\"font-size: 16px;\" src=\"https:\/\/conservation.ufpr.br\/wp-content\/uploads\/2022\/06\/logo-sisbio-300x145.png\" alt=\"\" width=\"300\" height=\"145\" \/><\/p>\n<p>Sistema de Autoriza\u00e7\u00e3o e Informa\u00e7\u00e3o em Biodiversidade (Federal) com atendimento \u00e0 dist\u00e2ncia\u00a0que permite a pesquisadores solicitarem autoriza\u00e7\u00f5es para coleta de material biol\u00f3gico e para a realiza\u00e7\u00e3o de pesquisa em unidades de conserva\u00e7\u00e3o federais e cavernas.<\/p>\n<ul>\n<li>Para acesso e cadastro de pesquisadores: <a href=\"https:\/\/sicae.sisicmbio.icmbio.gov.br\/usuario-externo\/login\">Link<\/a><\/li>\n<li>Consulta no Painel de dados do Sisbio: <a href=\"https:\/\/app.powerbi.com\/view?r=eyJrIjoiYzUwODkxYmEtYzEzNi00ODViLThmMWMtYTA3NmYwZmQ3MzZhIiwidCI6ImMxNGUyYjU2LWM1YmMtNDNiZC1hZDljLTQwOGNmNmNjMzU2MCJ9&amp;pageName=ReportSectionfc44d8a77e19d35b3c2e\">Link<\/a><\/li>\n<\/ul>\n<p>\u00a0<\/p>\n<h2 style=\"text-align: center;\">IAT &#8211; Instituto \u00c1gua e Terra (Municipal)<\/h2>\n<p><img loading=\"lazy\" decoding=\"async\" src=\"https:\/\/conservation.ufpr.br\/wp-content\/uploads\/2022\/06\/logo_iat_pr-1-300x115.png\" alt=\"\" width=\"300\" height=\"115\" \/><\/p>\n<ul>\n<li>Para autoriza\u00e7\u00e3o de Pesquisas Cient\u00edficas em Unidades de Conserva\u00e7\u00e3o: <a href=\"https:\/\/www.iat.pr.gov.br\/Pagina\/Pesquisas-Cientificas-em-Unidades-de-Conservacao\">Link<\/a><\/li>\n<\/ul>\n<p>\u00a0<\/p>\n<h2 style=\"text-align: center;\">ECOBOOKING<\/h2>\n<p><img loading=\"lazy\" decoding=\"async\" src=\"https:\/\/conservation.ufpr.br\/wp-content\/uploads\/2022\/06\/logo-ecobooking-1-300x119.png\" alt=\"\" width=\"300\" height=\"119\" \/><\/p>\n<p>Sistema de Gest\u00e3o do Turismo para ordenamento da atividade tur\u00edstica por meio de uma rede de coopera\u00e7\u00e3o voltada \u00e0 explora\u00e7\u00e3o sustent\u00e1vel dos recursos tur\u00edsticos de um munic\u00edpio, envolvendo o Poder P\u00fablico e o Trade Tur\u00edstico.<\/p>\n<ul>\n<li>Para consultar ou cadastrar caminhadas na natureza (Brasil): <a href=\"https:\/\/www.ecobooking.com.br\/siteMobi\/index.php\">Link<\/a><\/li>\n<\/ul>\n","protected":false},"excerpt":{"rendered":"<p>SISBIO (Federal) Sistema de Autoriza\u00e7\u00e3o e Informa\u00e7\u00e3o em Biodiversidade (Federal) com atendimento \u00e0 dist\u00e2ncia\u00a0que permite a pesquisadores solicitarem autoriza\u00e7\u00f5es para coleta de material biol\u00f3gico e [&hellip;]<\/p>\n","protected":false},"author":3,"featured_media":0,"parent":0,"menu_order":0,"comment_status":"closed","ping_status":"closed","template":"","meta":{"_acf_changed":false,"footnotes":""},"class_list":["post-843","page","type-page","status-publish","hentry"],"acf":[],"_links":{"self":[{"href":"https:\/\/conservation.ufpr.br\/index.php\/wp-json\/wp\/v2\/pages\/843","targetHints":{"allow":["GET"]}}],"collection":[{"href":"https:\/\/conservation.ufpr.br\/index.php\/wp-json\/wp\/v2\/pages"}],"about":[{"href":"https:\/\/conservation.ufpr.br\/index.php\/wp-json\/wp\/v2\/types\/page"}],"author":[{"embeddable":true,"href":"https:\/\/conservation.ufpr.br\/index.php\/wp-json\/wp\/v2\/users\/3"}],"replies":[{"embeddable":true,"href":"https:\/\/conservation.ufpr.br\/index.php\/wp-json\/wp\/v2\/comments?post=843"}],"version-history":[{"count":10,"href":"https:\/\/conservation.ufpr.br\/index.php\/wp-json\/wp\/v2\/pages\/843\/revisions"}],"predecessor-version":[{"id":863,"href":"https:\/\/conservation.ufpr.br\/index.php\/wp-json\/wp\/v2\/pages\/843\/revisions\/863"}],"wp:attachment":[{"href":"https:\/\/conservation.ufpr.br\/index.php\/wp-json\/wp\/v2\/media?parent=843"}],"curies":[{"name":"wp","href":"https:\/\/api.w.org\/{rel}","templated":true}]}}